e remainder when g(3) is divided by (-2)/r*-4*2.
2
Let o(x) = 57*x + 8. What is the remainder when o(1) is divided by 11?
10
Suppose 1149 = 13*h - 2634. Calculate the remainder when h is divided by 49.
46
What is the remainder when ((-140)/(-15))/(6/18) is divided by 19?
9
Suppose 2*d + 7 = -2*h + 55, -4 = 4*h. Let v = 62 - d. Calculate the remainder when v is divided by 20.
17
Let t = -39 + 65. Suppose v + v = t. What is the remainder when 37 is divided by v?
11
Suppose -2*f + a + 98 + 63 = 0, 0 = 4*f - 5*a - 337. What is the remainder when f is divided by 40?
38
Let q = -9 - -63. What is the remainder when q is divided by 14?
12
Let j be (-4)/6 + 12/(-9). Let d = 1571 - 1554. What is the remainder when (-1)/j - (-190)/4 is divided by d?
14
Let f be (3/(-5))/(8/(-40)). Suppose -12 = -l - f. Calculate the remainder when 43 is divided by l.
7
Let v = -11 + 19. Let c be (18/(-8))/(3/(-8)). Suppose 2*h - v - c = 0. What is the remainder when h is divided by 3?
1
Let v(m) = m**2 + 8*m + 1. Let w be v(-7). Let h = w + 2. What is the remainder when 25 is divided by (-8 - 1)*h/4?
7
Suppose w - 5*z = -2*z + 22, 42 = 3*w - 3*z. Let c = 24 - w. Calculate the remainder when c is divided by 8.
6
Let d(y) = y**2 - 17*y + 20. Let b be d(16). Let v = 51 + -26. What is the remainder when v is divided by 7/(-28) - (-29)/b?
4
Let d(h) = -h**2 + 4*h + 6. Let j be d(5). Let w = j + 3. Suppose 5*s - 5 = w*s. Calculate the remainder when 14 is divided by s.
4
Let m = 151 + -97. What is the remainder when m is divided by 7?
5
Suppose 3*k - 4*q - q - 12 = 0, 4*q = 5*k - 20. Suppose -5*n + 34 - 9 = 0. What is the remainder when k/(-5)*70/(-4) is divided by n?
4
Suppose -4*r - r = 20. Calculate the remainder when (4/(-10))/((-1)/5) is divided by 14/10 + r/10.
0
Let t(h) = 11*h - 2. Calculate the remainder when 56 is divided by t(2).
16
Suppose 0 = c + 1 - 17. Suppose 3*q + 7 = 5*u, 2*u = 6*q - 2*q - 14. Calculate the remainder when c is divided by q.
4
Suppose -21 = -2*t - 5*o, 4*o = 3*t - t + 6. Let w be (-2)/t*3/1. What is the remainder when (-26)/(-4) - 1/w is divided by 3?
1
Let g be -2 - 1 - (-226)/2. Suppose 14*y - g = 9*y. Calculate the remainder when 65 is divided by y.
21
Let j(a) = 8*a - 2. Let b(l) = -9*l + 1. Let i = -7 - -13. Let h(c) = i*j(c) + 5*b(c). What is the remainder when 15 is divided by h(5)?
7
Suppose -j + 4*m = j - 16, 3*j - 5*m - 23 = 0. Suppose b = j*b - 15. Suppose l + l - 8 = 0. Calculate the remainder when l is divided by b.
1
Suppose 0 = -0*m - 3*m + 9. Let x(r) = 2*r**2 + r. Suppose -3*c = -3*t + 192, -5*c = -t - 0*t + 72. Calculate the remainder when t is divided by x(m).
20
Let y(t) be the second derivative of 3*t**5/4 + t**4/12 + t. Let l be y(1). Suppose 3*c - 8 = l. Calculate the remainder when 15 is divided by c.
7
Let h(r) = -17*r - 1. Calculate the remainder when h(-3) is divided by 13.
11
Calculate the remainder when 43 is divided by (-21)/28 + (-237)/(-12).
5
Let k(w) = -w**2 + 9*w - 6. Let r be k(8). Let v = 0 - r. Calculate the remainder when (8/6)/(v/(-3)) is divided by 2.
0
Let s = 57 + -32. What is the remainder when 72 is divided by s?
22
Let n be 1 - (-5)/(10/6). Suppose n*d - 25 = 5*v, 3*v - 10 = 4*d + 5*v. Calculate the remainder when 8 is divided by (1 - d)/((-7)/(-21)).
2
Let b(m) = -3*m**3 + 2*m**2 + 3*m + 1. Calculate the remainder when 51 is divided by b(-2).
24
Let k = -12 - -42. Let w(j) = -2*j**3 + j**2 + 3*j. Let v be w(3). Let y = -20 - v. What is the remainder when k is divided by y?
14
Suppose 88 = 2*y + 2. What is the remainder when y is divided by 9?
7
Let h(x) = 9*x**2 + 2*x - 2. What is the remainder when ((-50)/(-6))/(2/6) is divided by h(1)?
7
Let l = -115 - -130. What is the remainder when 59 is divided by l?
14
Suppose -3*q - 4*o + 308 = 0, 0 = -4*q - q - o + 536. What is the remainder when q is divided by 38?
32
Let v(m) = -5*m - 3. Suppose 15 = 3*q - 15. Calculate the remainder when v(-6) is divided by q.
7
Let p = 28 - 17. Let j = 28 + -56. Calculate the remainder when p is divided by (j/4)/(-2 + 1).
4
Suppose 0 = -5*b + 39 + 41. Suppose q + 3*q - 4*n = 192, 0 = -4*q - 4*n + 168. What is the remainder when q is divided by b?
13
Let p(v) = 70*v**2 - v. Let r(g) = g**3 - 11*g**2 + g + 13. What is the remainder when p(-1) is divided by r(11)?
23
Let y(j) = j**2 + 10*j - 18. Calculate the remainder when 40 is divided by y(-12).
4
Let n = -1 - -3. Suppose -3*w = 4*v - 140, 144 = 4*v - 0*v + n*w. Let m = 35 + -22. What is the remainder when v is divided by m?
12
Let h(n) = -n**2 + 6*n + 8. Suppose 2 = -3*j + 5*j + 2*c, -4 = 4*c. What is the remainder when (22/2)/(1/j) is divided by h(6)?
6
Let l(i) = -4*i - 2 + 6*i + 2*i - 1. Calculate the remainder when 7 is divided by l(2).
2
Let u = 1 + 4. Let a(b) = 4*b + 6. What is the remainder when a(3) is divided by u?
3
Let m = 80 - 55. Let s = 258 + -387. Let h = -55 - s. Calculate the remainder when h is divided by m.
24
Let j(m) = m**3 + 3*m**2 - 10*m - 17. Let l(v) = 20*v**2 + 2*v. Let p be l(-2). Suppose 5*g = 19 + p. What is the remainder when g is divided by j(-4)?
5
Suppose 2*g = 1 + 3. Suppose -g*x = -6*x + 64. Calculate the remainder when 47 is divided by x.
15
Let x = 10 - 6. Calculate the remainder when (51/6)/(2/x) is divided by 10.
7
Let f = -4 + 23. Suppose 9*l - 7*l - 4 = 0. Suppose 14 - 4 = l*y. What is the remainder when f is divided by y?
4
Suppose 5*n + 3*z + z - 102 = 0, 2*z - 24 = -n. Suppose -n = -d + 24. Suppose 3*u = 2*v + d, u + 3*v - v = 22. Calculate the remainder when u is divided by 6.
4
Suppose 6 = 2*o - 8. Let d = o - 5. Suppose -4*c - 2*j + j + 5 = 0, 0 = 2*c + j - 1. What is the remainder when c is divided by d?
0
Suppose -27 = -3*u + 15. Suppose g = -g + u. Calculate the remainder when 19 is divided by g.
5
Let o = -18 - -57. What is the remainder when 232 is divided by o?
37
What is the remainder when 3/(542/134 + -4) is divided by 34?
33
Let o(c) = c**3 - c**2 - 3*c + 1. Let d be o(2). What is the remainder when 27 - (-4 - (d + -2)) is divided by 10?
8
Suppose -7 = 5*g - 5*o + 68, -o = 3. Let r = 27 + g. Let v = 37 + -11. Calculate the remainder when v is divided by r.
8
Suppose 2*l - 9 = 11. Let n = 159 - 79. What is the remainder when (-5)/(-15) - n/(-3) is divided by l?
7
Let v(d) = -9*d - 4. Let f = 1 - -3. Suppose f*o = l - 3 - 9, -2*l + 24 = -3*o. What is the remainder when v(-3) is divided by l?
11
Let f = 4 - 1. What is the remainder when (f/2)/(15/100) is divided by 4?
2
Let o(w) = w**2 + 17*w + 11. What is the remainder when 19 is divided by o(-17)?
8
Let m(q) = q**3 - 7*q**2 + 8*q. Calculate the remainder when 33 is divided by m(6).
9
Let k(b) = b**2 - 19*b - 32. Let v = 17 - -12. What is the remainder when v is divided by k(21)?
9
Calculate the remainder when 9 is divided by (-4)/(80/(-12))*5.
0
Let j(h) = h**3 - 9*h**2 + 4. Let q be j(9). Suppose 0 = -3*z + 2*z + q. Calculate the remainder when z is divided by 2.
0
Suppose -2*u + 7 = 3*i, -7*u + 2*i + 38 = -3*u. What is the remainder when 17 is divided by u?
1
Suppose -5*o - 2*a + 0*a = 418, -o = a + 86. What is the remainder when (-228)/(-5) + (-18)/(-45) is divided by (-4)/10 + o/(-5)?
14
Let r = 10 + -6. Let j be 1*(2 + 1) + 0. Suppose r*g = j*b - 111, -b - 4*g + 14 = -23. What is the remainder when b is divided by 13?
11
Suppose 0*h + 125 = 5*h. Calculate the remainder when 122 is divided by h.
22
Let k be ((-6)/(-15))/((-3)/(-15)). Let c(a) = k*a + 0*a + 0*a + 5. Calculate the remainder when 29 is divided by c(5).
14
Suppose 24 = k + k. Let i be (k/(-10))/(24/(-160)). Calculate the remainder when 27 is divided by 114/i - 3/12.
13
Let w(o) be the third derivative of -o**6/120 - o**5/12 + o**4/6 + o**3/3 + 3*o**2. Let m = 105 - 64. Calculate the remainder when m is divided by w(-6).
13
Suppose 2 = o + 2*w, 2*o + w = 3*w + 10. Suppose 4*v + 4*s = 112, s + 3*s = o*v - 72. Calculate the remainder when v is divided by 12.
11
Suppose 7*h = 6*h + 35. What is the remainder when h is divided by 12?
11
Calculate the remainder when 37 is divided by (60/(-9))/(1/(-3)).
17
Let n(j) be the third derivative of j**6/24 - j**5/30 + j**3/6 + 2*j**2. Calculate the remainder when ((-6)/5)/((-4)/20) is divided by n(1).
2
Let b(v) = v**3 - 5*v**2 + v + 5. Let w be b(5). Sup